h(p) = -3*p**3 + 4*p**2. Let s(q) = g*h(q) + 2*u(q). What is s(2)?
-6
Let z be ((-2)/4)/(2/(-4))*(573 - 576). Let p(o) = -2*o**2 - 4*o - 7. Give p(z).
-13
Suppose -v = w + w - 104, 0 = 4*w + 3*v - 212. Let g(r) = 3*r + w*r**2 - 29*r**2 + r**3 - 31*r**2 - 3*r + 14. Calculate g(10).
14
Let x(j) = -10*j - 10. Let z be 4056/(-117) + 2/6*-1. Let p(f) = -f - 1. Let i(t) = z*p(t) + 4*x(t). Let c(r) = -r**2 + 4*r + 1. Let m be c(5). Give i(m).
15
Let d(k) = 94 - 40 - 1075*k + 1068*k. Determine d(8).
-2
Let f be 2 - (7/63 + (-32)/(-36)). Let i be f*-3 + 4/(-2) + 0. Let g(j) = j. Let w(n) = -n - 7. Let u(r) = g(r) - w(r). Determine u(i).
-3
Let a(c) be the second derivative of c**4/12 - 13*c**3/6 + 3*c**2 - 16*c. Suppose 0*x + 416 = 32*x. What is a(x)?
6
Suppose -61 + 16 = -9*f. Let b(w) be the first derivative of -4*w + w + f + w**2 - 4. Give b(4).
5
Let c(s) = 126*s + 61 - 239*s + 115*s. Calculate c(-27).
7
Let w be (6/3)/(20/30). Let r(n) = n**2 + w - 4 + 2 - 4*n**2 - 3*n. Let x(a) = -8*a**2 - 10*a + 4. Let l(q) = -11*r(q) + 4*x(q). Calculate l(6).
-1
Suppose -k + 10012 = 5*g - 2*k, 4*g + 2*k - 8004 = 0. Let d(u) = -2*u + 0*u - 2000 + g. Calculate d(6).
-10
Let i(h) = 20*h**3 + h**2. Let t be -1*(1 - (-9 + 3)) + -3. Let f be ((-2)/4)/(5/t). What is i(f)?
21
Let b(t) = -11*t - 22. Let l be b(-2). Suppose y + 3*d - 2 + 10 = l, -32 = 3*y + d. Let o(j) = j**3 + 10*j**2 - 12*j - 7. Determine o(y).
4
Suppose 8*j - v - 3 = 11*j, 3*v + 9 = 4*j. Let a(y) be the third derivative of -1/24*y**4 + 0 - 18*y**2 + 1/3*y**3 + j*y. Determine a(3).
-1
Let o = -803 - -806. Let i(c) = 111*c**3 + 6 - o + 10*c**2 - 220*c**3 + 108*c**3 - c. Suppose -f = f - 20. Calculate i(f).
-7
Let g(t) = 2*t**2 + 21*t + 34. Let o be (-6045)/651 + 1*2/7. Determine g(o).
7
Let q(g) = 4*g + 27. Let b(w) = 2*w - 32. Let x(c) = -2*b(c) - 3*q(c). What is x(5)?
-97
Let g(o) = -31*o**3 - 30*o**3 + 2 - 37*o**3 - 5*o**2 - 3 + 97*o**3. Determine g(-3).
-19
Suppose 2*u + 4*s = 8, 2*u + 8 = -u - s. Let l(q) be the second derivative of q**3 + 1/12*q**4 + 0 + 2*q**2 - 3*q. Determine l(u).
-4
Let j(w) = -4*w + 8. Let a(z) = 33*z - 42. Let g(h) = 5*a(h) + 45*j(h). Give g(10).
0
Let p(y) be the third derivative of -y**9/7560 - y**7/2520 - y**6/720 + 19*y**5/15 - 61*y**2. Let m(d) be the third derivative of p(d). Determine m(-1).
9
Let g(c) be the first derivative of -c**4/4 + 10*c**3/3 + 6*c**2 - 1382. Calculate g(11).
11
Let u(b) = 639*b + 3079 - 3199 - 633*b. Give u(21).
6
Let s(r) = r**2 - 8*r - 3. Let y(z) = -z**3 - 9*z**2 + 12*z + 22. Let f be y(-10). Let w(v) = -2*v**2 + 9*v + 4. Let u(o) = f*w(o) + 3*s(o). Calculate u(-6).
-1
Let y(f) = 3*f**3 + 2*f**2 - 2*f + 1. Let g be y(1). Let m(k) = -6 - g*k - 5 + 4 + 5*k. Suppose 25 = 3*v + 3*s + 7, 21 = 3*v + 4*s. Give m(v).
-4
Let q = 23 - 19. Let l(f) = -q - 2*f - 9*f**2 - 3*f + 8*f**2 + 7. Suppose -14*z = 40 + 16. Determine l(z).
7
Let s(v) be the second derivative of v**5/20 - 2*v**4/3 + v**3/2 - 14*v**2 + 4*v - 2. Let b be s(8). Let q(d) = -2*d - 3. What is q(b)?
5
Let d be 2/2 + (-1 - (-5 + -1)). Let y be 4/d + (-568)/(-12). Let s = -51 + y. Let q(l) = -l**2 - l - 1. Determine q(s).
-7
Let i(z) be the first derivative of 2*z**2 - 14*z - 275. What is i(3)?
-2
Let o(p) = -1 + 5*p + 0 + 4. Suppose -29*a - 8*l = -27*a - 8, 10 = 5*l. What is o(a)?
-17
Let o(n) = n**3 + 5*n**2 - 6*n + 8. Let y(l) = -3 + 2 - 3 + 0 - l. Let r be y(-7). Suppose 3*s + j + 10 + 6 = 0, 18 = -2*s + r*j. Determine o(s).
8
Let n(k) = 4*k - 1. Suppose 15*u - 726 = 18*u. Let b = u - -243. Give n(b).
3
Let k(m) = 7*m + 3. Let n(q) = 3*q**3 - 3*q**2 - q + 9. Let g be n(4). Let x = 84 - g. Let v be (-5 - x/10)/(6/(-8)). Give k(v).
-11
Let t(a) be the second derivative of a**6/360 + a**5/24 + a**4/8 - a**3/6 - 6*a**2 + 4*a + 15. Let u(q) be the second derivative of t(q). Give u(-2).
-3
Let d(c) = 4407*c**2 - 5 - 2199*c**2 - 2209*c**2 + 4 + 2*c. Determine d(3).
-4
Let c(a) = 6*a**2 - 28*a + 19. Let m(g) = 2*g**2 - 9*g + 6. Let d(h) = -2*c(h) + 7*m(h). Let p be ((-12)/(-20))/(9 + 354/(-40)). What is d(p)?
8
Let g(k) = -4*k**2 + 18*k - 2. Let b(n) = -3*n**2 + 3*n. Let a(w) = -b(w) + g(w). Determine a(6).
52
Let f(b) = -11*b + 518 - 5*b + 546 - 1025 - b**2. What is f(-18)?
3
Let m be (-2)/((-2)/(-3)) - 1. Let r(c) be the first derivative of 3*c**2 - 43 - 61*c + 57*c - 50 - 4*c**2. Calculate r(m).
4
Let s(q) = -27*q**2 + 51*q + 6. Let c(l) = 5*l**2 - 10*l - 1. Let f(k) = 11*c(k) + 2*s(k). Let t = 1 + 3. What is f(t)?
-15
Suppose 0 = 6*a - 5020 + 4966. Let o(w) = w + 3. What is o(a)?
12
Let y(f) = -4*f - 3. Suppose 2*a + 139 = 135. Let c(m) = -5*m - 4. Let h(v) = a*c(v) + 3*y(v). Determine h(4).
-9
Let u(n) = -n**2 + 2*n - 2. Let t be (0 - -7)*-18*6/(-36). Suppose 11*j + 10*j = t. Determine u(j).
-1
Let v(y) = -74*y + 484. Let s(l) = -37*l + 244. Let b(z) = -5*s(z) + 3*v(z). What is b(6)?
10
Let k be (5 + -4 + 0)/(1/(-2)). Let t(q) be the second derivative of 0*q**3 + 0 + 22*q + 1/12*q**4 + 0*q**2. Determine t(k).
4
Let w(s) = -268 - 264 - s - 5*s + 5*s**2 + s**3 + 538. Determine w(-7).
-50
Let l(w) = -w - 12456 + 37374 + 2*w - 12455 - 12457. Let u(x) = x - 1. Let n be u(2). Suppose -n = i + 7. Give l(i).
-2
Let k(l) = 2*l**3 - 51*l**2 - 82*l + 23. Suppose 72*a = 2*h + 68*a - 82, -5*h + a + 142 = 0. Calculate k(h).
-4
Let a(g) = g**2 - 15. Suppose 3*z - 2*b = 15, -2*z = -0*b + 2*b - 10. Suppose -12 = -2*j - z*m, -j - 20*m = -17*m - 8. What is a(j)?
1
Let f(l) = 19*l - 74. Let x(c) = -54*c + 213. Let y(b) = 17*f(b) + 6*x(b). Calculate y(20).
0
Let f(l) = -l**3 - 16*l**2 + 2*l + 20. Let y(h) = h**3 + 51*h**2 + 52*h + 84. Let i be y(-50). Calculate f(i).
-12
Let o(d) = 58345 - 29185 - 29125 + 5*d. What is o(-6)?
5
Let t(b) = 8*b - 8. Let c(d) = -d + 1. Let r = -12 + 11. Let s(o) = r*t(o) - 6*c(o). Let a be ((-22)/(-10))/11*30. Give s(a).
-10
Let q be 5/(-6)*(-46 + 40). Suppose q*d - 5*y = -25, 2*y + 3 = -d + 1. Let c(i) = -i**3 - 4*i**2 - 2*i - 2. Determine c(d).
6
Let y(h) = h**3 - 12*h**2 + 38*h - 8. Let s be y(6). Let f(o) = s*o + 8 + o - 6*o + 1 + 4. What is f(8)?
5
Let t(y) be the third derivative of -y**6/120 - 7*y**5/60 - 4*y**3/3 - y**2. Let w be ((-567)/162)/((20/70)/(12/21)). What is t(w)?
-8
Suppose -6*n - 220 = 4*q, 168*n - q + 153 = 163*n. Let c(z) = 9*z + 296. Give c(n).
8
Let j(w) = -115*w + 258*w - 63 - 149*w. Calculate j(-10).
-3
Let f(z) = 44*z + 1626. Let m be f(-37). Let b(k) = 34*k**2 - 2*k + 4. What is b(m)?
144
Let w(o) = 39*o - 260. Let v(y) = 215*y - 1440. Let t(l) = 9*v(l) - 50*w(l). What is t(9)?
-95
Let h(c) = -351*c**2 - 6 + 699*c**2 - 351*c**2 + c + c**3 + 2*c. What is h(2)?
-4
Let i(w) = w**3 - 7*w**2 - 14*w + 18. Let f(b) = -179*b - 1961. Let o be f(-11). Calculate i(o).
-30
Let r = -12 + 19. Let a(v) = v**2 + 9 + 7 + r*v - 27. Determine a(-8).
-3
Let q(d) = -d**2 + 3*d + 5. Let m be q(5). Let n(k) be the first derivative of -36 + 1/3*k**3 - 5*k + 2*k**2. Calculate n(m).
0
Let b(i) = 4405 - 1105 - 1094 - i - 1098 - 1096. Give b(-14).
26
Let d(t) = 43*t + 1. Let g(r) = -143*r + 16. Let h(z) = -3*d(z) - g(z). Give h(-7).
-117
Let w(x) = 4*x + 87. Let r be w(-21). Let h(t) = 3*t**2 + 10*t**2 - 2 + r*t**3 - 14*t**2. Calculate h(2).
18
Let r = 29 + -23. Let a(y) be the first derivative of y**7/840 - 7*y**6/360 + y**5/40 - 10*y**3 + 26. Let z(t) be the third derivative of a(t). Give z(r).
-18
Let x(b) be the first derivative of b**4 - 2*b**3 + 3*b**2 - 8*b - 6942. Calculate x(2).
12
Let c(q) = 3*q - 1. Suppose 66*i = 69*i + 1389. Let g = i - -471. Calculate c(g).
23
Let u(b) be the third derivative of -b**5/60 + 5*b**4/12 + 5*b**3/3 - 17*b**2. What is u(14)?
-46
Let l(o) be the first derivative of -2*o + 81 + 3*o**2 + 2/3*o**3. Give l(-4).
6
Let u(t) = 10*t**2 - t + 1. Suppose -h - b + 0 + 1 = 0, 4*h + 2*b = 8. Suppose -3*g + 8*g + 3*n = 20, h*g - 2*n + 7 = 0. Determine u(g).
10
Let z = -190 + 201. Let j(d) = d + z - 7 + 11. Determine j(-10).
5
Let l(i) = 3*i - 37. Let q be l(12). Let h(s) = -29*s**2 + 3*s + 3. Let d(v) = -12*v - 2 + 19*v**2 + 24*v - 14*v. Let c(t) = -8*d(t) - 5*h(t). Determine c(q).
-7
Let z(g) be the first derivative of -g**3/3 + 9*g**2 - 5*g - 386. Determine z(17).
12
Let i(x) = -x**2 - 4*x + 22. Suppose 54*u - 57*u - 27 = 2*n, -4*n - 34 = 2*u. Wh